Let d = -32 + j. Let u = 29 - d. What is the highest common divisor of 30 and u?
6
Suppose 19833 = 15*o - 23250 + 1368. Calculate the greatest common factor of o and 216.
27
Suppose 8*a + 754 = -326. Let q = -117 - a. What is the highest common divisor of q and 30?
6
Suppose 0 = -6*d + 9 + 9. Suppose -l - d*l - 3*t + 3 = 0, -2*l + 5 = 5*t. Suppose l = g - 12 - 40. Calculate the greatest common factor of 26 and g.
26
Let r = -153 + 170. Let h be (-17)/(r/180)*2/(-3). Calculate the highest common factor of h and 24.
24
Let p be 53 + (-4)/6*312/(-208). Calculate the highest common factor of 999 and p.
27
Let m be ((-26)/13 - 9)*-2. Suppose 0 = x + 4*x. Suppose -4*l - 2*k + 138 = x, -4*l = -k + 24 - 153. What is the highest common factor of l and m?
11
Let p(m) = m**2 + 5*m + 6. Let g be p(-5). Let l be (-140)/(-8)*(-1216)/(-80). Let v = l - 260. What is the greatest common divisor of v and g?
6
Let z(f) = -2*f**3 - 30*f**2 + 36*f + 138. Let d be z(-16). What is the highest common factor of 5957 and d?
37
Let f(a) = -217*a**2 - 3*a - 22. Let g be f(-5). Let w be 1/(-5) + g/40. Let q = w + 190. Calculate the greatest common factor of q and 6.
6
Suppose 5 = r + 2. Suppose -r*g - 37 = -4*t, 5*g - 9 = -3*t - 3. Let b be 2/(-3)*(-14763)/74. Calculate the highest common divisor of b and t.
7
Let y(l) = -l**3 + l**2 + 9*l - 9. Let r be y(-7). Let u be r/24*9/5. What is the highest common divisor of 16 and u?
8
Let g(a) = 119*a**2 + 12*a - 10. Let b be g(2). Calculate the greatest common factor of b and 450.
10
Let p be (56/(-10))/(6/(-15)). Suppose 2*x - 7 = -5*n, -2*x - 3*n + p = -5*n. What is the greatest common divisor of 48 and x?
6
Let r(s) = 9*s**2 + 42*s + 17. Let g be r(-7). What is the greatest common factor of 205 and g?
41
Suppose 10*g - 68115 - 26385 = 0. Calculate the greatest common divisor of g and 280.
70
Let g(o) be the second derivative of o**4/4 + 3*o**3 - o**2 - 90*o + 3. Let v = -4 - 3. Let t be g(v). What is the greatest common factor of 38 and t?
19
Let a = 9282 + -9277. What is the greatest common factor of 3530 and a?
5
Suppose 0 = 6*q - 7*q + 108. Suppose -121 = -97*c + 92*c - t, t + 119 = 5*c. Calculate the greatest common divisor of q and c.
12
Let i(u) be the second derivative of 7*u**4/12 - 2*u**3 + 48*u**2 + 18*u + 2. Let k be i(12). What is the highest common factor of k and 30?
30
Suppose 2401 = 5*c + y, -3*c - 2*y - 478 = -4*c. What is the highest common factor of 1600 and c?
160
Let u be ((-3)/2)/(6/(-56)). Let n = 255 - 192. Suppose n*a - 504 = 54*a. Calculate the highest common factor of a and u.
14
Suppose -1313*d + 1035140 = 3367*d - 2463024 - 1308196. Let f = 72 - 46. What is the greatest common factor of d and f?
13
Suppose -29469 - 20407 = 37*f. Let w = f - -2487. What is the highest common divisor of 17 and w?
17
Suppose -2622*o + 26830 - 3991 = -13869. Let d = -796 - -1146. Calculate the greatest common factor of o and d.
14
Let t(r) be the second derivative of r**5/20 + 7*r**4/4 + 6*r**3 - 10*r**2 + 56*r. Let c be t(-19). Calculate the greatest common factor of c and 198.
18
Let v(y) = -y**2 + 7*y - 2. Let i be v(6). Suppose -444 = -2*c + 4*k, c - k - 1083 = -i*c. What is the highest common divisor of c and 24?
24
Let i(f) = f**2 + 9*f + 20. Let m be i(-9). Let h = 604 - m. Calculate the greatest common divisor of h and 73.
73
Let q = 9148 - 8700. Calculate the highest common factor of q and 504.
56
Let c be 1/(((-14)/(-6))/7). Suppose -3*x = 3*k - 12, 5*k - 2 = 8. Suppose -10 = -3*b - x*b. What is the highest common divisor of b and c?
1
Let q = 127 - 200. Let f = q + 19. Let m = f + 67. What is the highest common divisor of 13 and m?
13
Let q(a) = -a**3 - 4*a**2 + 18*a + 35. Let l be q(-7). Let r be (18/8 + -3 + 1)*l. Calculate the greatest common factor of r and 434.
14
Suppose -2*i + 2*m = -1302, -5*i + 5121 = -4*m + 1866. Let v = -94 + i. Suppose -6*n + 961 = -v. What is the highest common divisor of n and 23?
23
Let h be (3/(-7) + 322/(-49))*-1. Let a(q) = 38*q + 280. Let r be a(h). What is the greatest common factor of 21 and r?
21
Let z be 3 + ((-2940)/(-15))/(0 - -2). Let c(m) = -16*m - 19. Let v be c(-7). Let x = z - v. Calculate the greatest common factor of x and 16.
8
Let z be 168/(-105) + (-552)/(-20). Calculate the highest common divisor of 325 and z.
13
Suppose -n = -4*h - 2*n + 104, 2*h + n = 52. What is the greatest common divisor of h and 32?
2
Let n = -1205 + 1264. Suppose -413 = -l - 0*l. What is the greatest common factor of n and l?
59
Let o = -352 + 282. Let d = o - -217. Calculate the greatest common divisor of d and 49.
49
Let o(w) = 5*w**2 - 2*w**2 + 7 - w**2 + w. Let k be o(-9). Let g = -148 + 212. What is the highest common divisor of g and k?
32
Let m(p) = 10*p - 40. Let l be m(4). Suppose l = -n + 3*o + 43, -3*n + 0*o - 3*o + 117 = 0. Calculate the highest common factor of n and 110.
10
Let n be (-1)/5 - 384/30. Let k(m) = -m**2 - 13*m + 7. Let z be k(n). Suppose -12 = -z*c + 191. What is the highest common divisor of c and 319?
29
Let v = -1483 - -2347. What is the highest common factor of v and 448?
32
Suppose -u - 4 = 0, -3*i + 18 + 1 = -u. Suppose -97 = -i*g - 22. Let q = 1806 - 1776. What is the greatest common factor of g and q?
15
Suppose -45 = -35*o + 25. Suppose -2*f + w + 308 = 3*f, -306 = -5*f + o*w. Calculate the greatest common divisor of f and 682.
62
Suppose 8*q - w - 74 = -58, -2*w + 28 = 4*q. Suppose z - 18 = -2*z. Let j(i) = i + 6. Let r be j(z). Calculate the greatest common divisor of r and q.
3
Suppose -187*l + 2920 - 489 = 0. Calculate the greatest common factor of 7345 and l.
13
Suppose 2*n - 420 = -r, -23*r + 27*r = n + 1725. Calculate the greatest common factor of r and 30.
10
Let i be (-26 + -1)*((20 - 10) + 245/(-21)). Calculate the highest common factor of i and 14085.
45
Let i(u) = 3*u**2 - 40*u + 138. Let y be i(7). Let w be 0 - -10*14/4. Calculate the greatest common divisor of y and w.
5
Suppose 0 = 17*u - 7*u - 60. Suppose v + u = 5*i - 201, i - 47 = 3*v. Calculate the greatest common divisor of 1 and i.
1
Let q(s) = s**3 - 8*s**2 - 15*s + 71. Suppose 0 = 14*h - 92 - 34. Let o be q(h). Calculate the highest common factor of 272 and o.
17
Let y = 33311 + -31032. Calculate the greatest common factor of 689 and y.
53
Suppose -172 = -5*y + 101*c - 105*c, -5*y - 3*c = -169. What is the greatest common divisor of y and 1376?
32
Let w = 1542 + -642. Suppose -w = -32*y + 23*y. What is the greatest common divisor of y and 25?
25
Let a be (-922880)/(-50) + (-231)/35 + 5. What is the highest common factor of 24 and a?
24
Suppose 3*l = -5*o + 11, -2*l + 2 = -2*o - 0. Suppose l*c - 238 = -5*c. What is the highest common factor of c and 85?
17
Let f(r) = 7*r - 34. Let d be f(6). Suppose d*x = 5*x - 3*j + 618, 5*x - 4*j = 1012. What is the highest common factor of 12 and x?
12
Let o be ((-32)/(-12) - 3)/(2/(-12)). Suppose -u = -2*u + o. Let g be 1/((-1)/(-24)) - 2. What is the greatest common divisor of g and u?
2
Let i = 131 - 274. Let u = -128 - i. What is the greatest common factor of 135 and u?
15
Let d = -48 - -81. Suppose p - 2*s + 2 = 21, 0 = 2*p + s - d. Suppose 385 = p*x - 12*x. What is the highest common divisor of x and 7?
7
Let v(m) = -101*m - 1986. Let p be v(-36). Calculate the highest common divisor of p and 350.
50
Let z = -30 + 31. Let o be 12 + z + (-2 - 1) + 0. What is the greatest common divisor of 10 and o?
10
Suppose 361 = 4*x - 2*r + 115, -3*x + 168 = 4*r. Calculate the highest common divisor of 345 and x.
15
Let g(d) = d**3 - 5*d**2 - d + 65. Let x be g(-7). Let v = -510 - x. Calculate the greatest common factor of v and 426.
6
Let s(d) = -85*d - 10114. Let r be s(-119). Calculate the greatest common factor of r and 43.
1
Suppose -18 = -20*w + 2. Let m be (-1 - 4) + 8/(32/(-12)). Let k = m - -15. What is the highest common divisor of w and k?
1
Let l(g) = -g**3 - 88*g**2 + 348*g - 178. Let c be l(-92). What is the highest common divisor of c and 3?
3
Let d be -153 - (-3 + 11 + -6). Let i = d + 371. Calculate the highest common factor of 48 and i.
24
Suppose -5*k - 3*q - 425 = -9*k, -2*k + 5*q + 195 = 0. Calculate the greatest common factor of k and 520.
10
Let o(k) = 2*k**2 + 22*k + 78. Suppose 29*f + 465 = 88. Let w be o(f). What is